{"id":31,"date":"2013-03-12T10:10:40","date_gmt":"2013-03-12T08:10:40","guid":{"rendered":"http:\/\/husjf.fi\/?page_id=31"},"modified":"2022-11-11T15:17:41","modified_gmt":"2022-11-11T13:17:41","slug":"info","status":"publish","type":"page","link":"https:\/\/husjf.fi\/?page_id=31","title":{"rendered":"INFO"},"content":{"rendered":"<p>J\u00e4seneksi hakeminen:<br \/>\nLis\u00e4tietoja johtokunnan j\u00e4senilt\u00e4 ja puheenjohtajalta.<\/p>\n<p>Ans\u00f6kande som medlem:<br \/>\nMer information fr\u00e5n styrelsemedlemmar och ordf\u00f6rande.<\/p>\n","protected":false},"excerpt":{"rendered":"<p>J\u00e4seneksi hakeminen: Lis\u00e4tietoja johtokunnan j\u00e4senilt\u00e4 ja puheenjohtajalta. Ans\u00f6kande som medlem: Mer information fr\u00e5n styrelsemedlemmar och ordf\u00f6rande.<\/p>\n","protected":false},"author":2,"featured_media":0,"parent":0,"menu_order":0,"comment_status":"closed","ping_status":"closed","template":"fullwidth.php","meta":{"footnotes":""},"class_list":["post-31","page","type-page","status-publish","hentry"],"_links":{"self":[{"href":"https:\/\/husjf.fi\/index.php?rest_route=\/wp\/v2\/pages\/31","targetHints":{"allow":["GET"]}}],"collection":[{"href":"https:\/\/husjf.fi\/index.php?rest_route=\/wp\/v2\/pages"}],"about":[{"href":"https:\/\/husjf.fi\/index.php?rest_route=\/wp\/v2\/types\/page"}],"author":[{"embeddable":true,"href":"https:\/\/husjf.fi\/index.php?rest_route=\/wp\/v2\/users\/2"}],"replies":[{"embeddable":true,"href":"https:\/\/husjf.fi\/index.php?rest_route=%2Fwp%2Fv2%2Fcomments&post=31"}],"version-history":[{"count":8,"href":"https:\/\/husjf.fi\/index.php?rest_route=\/wp\/v2\/pages\/31\/revisions"}],"predecessor-version":[{"id":123,"href":"https:\/\/husjf.fi\/index.php?rest_route=\/wp\/v2\/pages\/31\/revisions\/123"}],"wp:attachment":[{"href":"https:\/\/husjf.fi\/index.php?rest_route=%2Fwp%2Fv2%2Fmedia&parent=31"}],"curies":[{"name":"wp","href":"https:\/\/api.w.org\/{rel}","templated":true}]}}